e of 11?
True
Is 8 a factor of 11384?
True
Is 50 a factor of 650?
True
Does 29 divide 1711?
True
Is 162 a multiple of 10?
False
Is 38 a factor of 6482?
False
Is 43 a factor of 521?
False
Does 13 divide 117?
True
Does 4 divide 30?
False
Does 96 divide 24672?
True
Is 9 a factor of 630?
True
Does 108 divide 24356?
False
Does 18 divide 1332?
True
Does 10 divide 890?
True
Is 8 a factor of 200?
True
Is 24 a factor of 19152?
True
Does 12 divide 979?
False
Is 19272 a multiple of 73?
True
Is 58163 a multiple of 20?
False
Does 9 divide 540?
True
Is 7926 a multiple of 58?
False
Is 30 a factor of 23862?
False
Does 34 divide 5508?
True
Does 7 divide 3972?
False
Does 135 divide 4725?
True
Does 13 divide 224?
False
Does 84 divide 12768?
True
Is 3536 a multiple of 104?
True
Is 9 a factor of 1773?
True
Is 5 a factor of 3064?
False
Is 903 a multiple of 15?
False
Is 5811 a multiple of 18?
False
Is 36 a factor of 648?
True
Does 26 divide 448?
False
Is 9 a factor of 22362?
False
Is 8 a factor of 1446?
False
Is 99 a factor of 3173?
False
Is 3 a factor of 1831?
False
Is 2018 a multiple of 4?
False
Is 109 a multiple of 24?
False
Is 155 a multiple of 6?
False
Is 385 a multiple of 55?
True
Is 439 a multiple of 8?
False
Is 39 a factor of 1911?
True
Is 12 a factor of 241?
False
Is 21 a factor of 3747?
False
Is 2387 a multiple of 78?
False
Does 4 divide 2028?
True
Is 14 a factor of 111?
False
Is 22867 a multiple of 6?
False
Does 61 divide 3951?
False
Does 7 divide 94?
False
Does 35 divide 14801?
False
Is 936 a multiple of 36?
True
Is 41 a factor of 21543?
False
Does 256 divide 6400?
True
Does 17 divide 37234?
False
Is 6985 a multiple of 50?
False
Does 2 divide 50?
True
Does 12 divide 114?
False
Does 83 divide 37765?
True
Is 8006 a multiple of 17?
False
Is 19 a factor of 3011?
False
Is 623 a multiple of 26?
False
Is 54 a factor of 1350?
True
Is 6487 a multiple of 13?
True
Is 15 a factor of 4731?
False
Is 32 a factor of 67498?
False
Does 15 divide 585?
True
Is 12 a factor of 6432?
True
Is 75 a factor of 45825?
True
Does 120 divide 1920?
True
Does 44 divide 1870?
False
Does 20 divide 20380?
True
Is 1060 a multiple of 22?
False
Is 3958 a multiple of 21?
False
Does 4 divide 15?
False
Does 168 divide 11424?
True
Does 7 divide 385?
True
Is 70 a factor of 77172?
False
Is 60 a factor of 1380?
True
Is 17538 a multiple of 34?
False
Does 226 divide 2938?
True
Is 584 a multiple of 35?
False
Is 748 a multiple of 17?
True
Is 27 a factor of 594?
True
Does 9 divide 4392?
True
Does 24 divide 154?
False
Is 33615 a multiple of 30?
False
Is 4 a factor of 96?
True
Is 6 a factor of 12366?
True
Does 52 divide 5928?
True
Is 58 a factor of 4698?
True
Is 15179 a multiple of 36?
False
Does 3 divide 4864?
False
Is 6 a factor of 280?
False
Is 1976 a multiple of 152?
True
Is 3540 a multiple of 23?
False
Is 192 a factor of 24384?
True
Is 11 a factor of 131884?
False
Is 3432 a multiple of 66?
True
Does 10 divide 440?
True
Does 5 divide 12125?
True
Is 3009 a multiple of 49?
False
Is 54 a multiple of 7?
False
Is 44 a factor of 654?
False
Does 87 divide 4959?
True
Does 45 divide 630?
True
Is 100 a factor of 32581?
False
Is 912 a multiple of 12?
True
Is 131 a multiple of 8?
False
Is 3223 even?
False
Is 24 a factor of 1848?
True
Is 9 a factor of 774?
True
Is 192 a factor of 18048?
True
Is 1864 a multiple of 2?
True
Does 395 divide 115850?
False
Is 31 a factor of 64?
False
Is 42 a factor of 588?
True
Does 119 divide 39270?
True
Is 371 a multiple of 10?
False
Does 94 divide 8930?
True
Is 62 a factor of 2267?
False
Is 41 a factor of 559?
False
Is 3197 a multiple of 139?
True
Is 15 a factor of 899?
False
Is 1011 a multiple of 66?
False
Does 18 divide 828?
True
Does 15 divide 555?
True
Does 93 divide 4650?
True
Is 9 a factor of 684?
True
Is 1197 a multiple of 21?
True
Does 16 divide 2472?
False
Is 8 a factor of 3616?
True
Is 13 a factor of 15653?
False
Is 5394 a multiple of 145?
False
Does 54 divide 1242?
True
Does 32 divide 1160?
False
Is 22911 a multiple of 7?
True
Is 10 a factor of 780?
True
Is 49 a factor of 20286?
True
Does 20 divide 5726?
False
Is 4 a factor of 19784?
True
Is 145 a factor of 103456?
False
Does 49 divide 17579?
False
Does 30 divide 240?
True
Is 252 a multiple of 3?
True
Is 2222 a multiple of 11?
True
Does 9 divide 60678?
True
Does 4 divide 99?
False
Is 41 a multiple of 9?
False
Does 33 divide 3333?
True
Is 16599 a multiple of 33?
True
Is 6 a multiple of 3?
True
Is 19 a factor of 6821?
True
Does 78 divide 89282?
False
Is 25 a factor of 805?
False
Is 14333 a multiple of 11?
True
Is 545 a multiple of 23?
False
Is 986 a multiple of 38?
False
Is 37 a factor of 12136?
True
Is 10 a factor of 2333?
False
Is 89 a factor of 7387?
True
Is 3444 a multiple of 23?
False
Is 19 a factor of 21261?
True
Does 11 divide 682?
True
Is 105 a factor of 630?
True
Does 20 divide 160?
True
Does 30 divide 180?
True
Is 1043 a multiple of 45?
False
Is 369 a multiple of 10?
False
Is 8 a factor of 2880?
True
Does 34 divide 4216?
True
Does 15 divide 4905?
True
Is 20010 a multiple of 145?
True
Does 16 divide 31872?
True
Is 12 a factor of 873?
False
Does 5 divide 915?
True
Is 672 a multiple of 26?
False
Does 16 divide 320?
True
Is 9 a factor of 15479?
False
Is 21 a factor of 28207?
False
Is 2272 a multiple of 32?
True
Does 30 divide 1290?
True
Does 60 divide 21120?
True
Is 17 a factor of 850?
True
Is 20 a factor of 27600?
True
Is 1509 a multiple of 78?
False
Is 1815 a multiple of 121?
True
Is 176 a factor of 90408?
False
Is 64512 a multiple of 72?
True
Is 2187 a multiple of 27?
True
Does 308 divide 21560?
True
Is 74 a factor of 1891?
False
Does 5 divide 3783?
False
Does 114 divide 40242?
True
Is 790 a multiple of 28?
False
Does 23 divide 621?
True
Is 154 a factor of 12628?
True
Is 19 a factor of 17271?
True
Does 6 divide 252?
True
Is 69 a factor of 46680?
False
Does 9 divide 963?
True
Is 120 a multiple of 10?
True
Is 10 a factor of 1090?
True
Is 183 a factor of 5229?
False
Is 19347 a multiple of 3?
True
Is 13 a factor of 4288?
False
Does 4 divide 33?
False
Does 4 divide 1608?
True
Is 8 a factor of 5312?
True
Is 328 a multiple of 4?
True
Is 22 a factor of 550?
True
Is 2800 a multiple of 9?
False
Is 196 a multiple of 31?
False
Is 3625 a multiple of 12?
False
Is 117 a multiple of 3?
True
Does 17 divide 355?
False
Is 82 a factor of 574?
True
Is 9507 a multiple of 3?
True
Is 2790 a multiple of 12?
False
Is 12027 a multiple of 196?
False
Is 157 a factor of 16210?
False
Does 10 divide 11336?
False
Is 440 a multiple of 8?
True
Is 58 a factor of 464?
True
Is 9 a factor of 1440?
True
Is 19 a factor of 2256?
False
Does 14 divide 428?
False
Is 188 a multiple of 46?
False
Does 39 divide 1170?
True
Is 32 a factor of 2336?
True
Is 24 a factor of 3672?
True
Is 318 a factor of 31097?
False
Does 2 divide 11152?
True
Does 17 divide 7038?
True
Is 15 a multiple of 15?
True
Is 7524 a multiple of 12?
True
Is 1585 a multiple of 21?
False
Is 7 a factor of 2415?
True
Does 127 divide 95885?
True
Is 9 a factor of 1060?
False
Is 33225 a multiple of 89?
False
Is 32 a factor of 64?
True
Is 11 a factor of 3049?
False
Is 12 a factor of 5340?
True
Is 952 a multiple of 34?
True
Does 4 divide 472?
True
Is 18 a factor of 1796?
False
Is 3629 a multiple of 79?
False
Is 7 a factor of 112?
True
Does 12 divide 4775?
False
Is 10 a factor of 1900?
True
Is 906 a multiple of 6?
True
Is 20 a factor of 860?
True
Does 42 divide 7434?
True
Does 3 divide 32180?
False
Is 15 a factor of 988?
False
Is 9 a factor of 3560?
False
Is 25 a factor of 300?
True
Is 1338 a multiple of 28?
False
Does 28 divide 1820?
True
Is 37128 a multiple of 273?
True
Does 34 divide 29808?
False
Does 53 divide 5353?
True
Is 966 a multiple of 52?
False
Is 9 a factor of 4153?
False
Is 42 a multiple of 21?
True
Is 507 a multiple of 4?
False
Is 219 a factor of 53204?
False
Does 3 divide 1155?
True
Is 15 a factor of 645?
True
Is 1258 a multiple of 12?
False
Is 2584 a multiple of 34?
True
Is 76 a factor of 149?
False
Is 6 a factor of 774?
True
Does 23 divide 37490?
True
Does 47 divide 3149?
True
Does 66 divide 1308?
False
Does 19 divide 1805?
True
Is 26 a factor of 5434?
True
Does 41 divide 61142?
False
Is 21 a factor of 645?
False
Is 3420 a multiple of 19?
True
Is 15480 a multiple of 20?
True
Does 3 divi